*d - 11*d = 0. Suppose d = -0*h - h + 9. What are the prime factors of h/6*(-1 + (-161)/(-3))?
79
Let u be 0*((-12)/66 + (-35)/110). Suppose -3*q + 12 = 0, -3*q = -4*w - u*q + 48. What are the prime factors of w?
3, 5
Let u(p) = 2100*p - 2350. What are the prime factors of u(16)?
2, 5
Suppose -3*i - 12 = -0. List the prime factors of (-24)/i*-50*-3.
2, 3, 5
Suppose -n = x - 5 - 2, 5*n = 5*x + 5. Let i be (6*(-2)/n)/(9/(-12)). Suppose -i*f + 6*f = -2*y + 574, 0 = 5*y + 2*f - 1432. What are the prime factors of y?
2, 11, 13
Suppose -67*o + 10440 = -63*o. Suppose 8*d - o = 2*d. What are the prime factors of d?
3, 5, 29
Let d be (2/(-5))/((-1)/(-8 + 3)). Let z be -1 + 9 + 0 + (-4 - d). Let g = z - 2. What are the prime factors of g?
2
Suppose -98*r = -99*r - 2*g + 34212, 2*r - 68444 = g. What are the prime factors of r?
2, 5, 29, 59
Suppose 3*t = -6*d + 2*d + 339, 0 = -d + 2*t + 93. Suppose r = 2*y + 10, 5*r = r + y + 33. Suppose 7*w - r*w + d = 0. What are the prime factors of w?
3, 29
Let b be (5 - (2 + 92)) + (-13 - -8). Let y(x) = x**3 - 4*x**2 - 4*x + 2. Let n be y(6). Let a = n - b. List the prime factors of a.
2, 3
Let x(r) = -r + 7. Let s(u) = u - 8. Let t(w) = -4*s(w) - 3*x(w). Let b be t(9). Suppose -54 = -b*d + 16. List the prime factors of d.
5, 7
Let r(b) be the second derivative of -146*b**3/3 + 33*b**2/2 - 91*b. What are the prime factors of r(-3)?
3, 101
Suppose -34*y - 5915 = -21*y. Let k = 78 - y. List the prime factors of k.
13, 41
Let c(h) = 5*h + 43. Let z be c(8). Suppose -2*x = 5*g + 178, 3*x = 4*g + 64 + z. List the prime factors of (-9)/(g/112) + 2*1.
2, 3, 5
Let m = 318 + -322. List the prime factors of (-1000)/(-25)*(-30)/m.
2, 3, 5
Let a(y) = 86*y + 47. Let o be a(-9). Let v = -331 - o. What are the prime factors of v?
2, 3, 11
Let c be (-342320)/(-55) + (0 - -4). Let b = c + -4431. List the prime factors of b.
3, 599
Let c be (7*1/2)/((-14)/(-28)). Suppose 10*q - 9*q + c = 0. What are the prime factors of -2 + 3 - 25*q?
2, 11
Let f = 43989 + -26349. What are the prime factors of f?
2, 3, 5, 7
Let s(a) = 2*a**2 + 11*a - 16. Let x be s(6). Let w(u) = -u**2 + 8*u - 2. Let p be w(6). Let j = x + p. What are the prime factors of j?
2, 3, 11
Let m(x) = 46*x + 18. Let a = 719 + -706. List the prime factors of m(a).
2, 7, 11
Suppose 34301 = -13*t - 15281. What are the prime factors of (-2)/(-10) + t/(-5) + -5?
2, 379
Let u be 23/(-2)*(-13 - -11). Let f(r) = 4*r - 16. What are the prime factors of f(u)?
2, 19
Suppose -p - 867 = -a - 8717, -5*a + 23550 = 3*p. Suppose 2*v = -8*v + p. What are the prime factors of v?
5, 157
What are the prime factors of (-15696219)/(-595) - (-4)/5?
23, 31, 37
Suppose 591*y - 636*y + 1791675 = 0. What are the prime factors of y?
5, 7963
Let o = -4117 - -6111. Suppose -1048 = -3*u - 5*p + 928, -3*u + o = -4*p. What are the prime factors of u?
2, 331
Let r(n) = 7*n + 74. Let c be r(-10). Suppose -2*s - 1828 = -6*s + c*w, w = 5*s - 2265. List the prime factors of s.
2, 113
Suppose 5241 = 2*l + 5*d, 5*l - 12917 - 138 = -3*d. List the prime factors of l.
2, 163
Let w be 1911/4 + (-183)/244. Suppose 0 = -j + 2*i + w, 7*i - 1409 = -3*j + 2*i. What are the prime factors of j?
11, 43
Suppose 5*d - 21 = -16. List the prime factors of d/(-2*(-3)/(-6)) + 299.
2, 149
Suppose 3*d = 3*j - 6, -5*j - 3*d = -0 + 6. Suppose j = -2*r - 3*u + 1302, 2596 = 2*r + 2*r + 2*u. What are the prime factors of r?
2, 3
What are the prime factors of (-1)/((-19836)/(-99205) - (10 + 490/(-50)))?
19841
Suppose -325*l + 2357737 + 5839487 = 29*l. List the prime factors of l.
2, 7, 827
Let w = 21 + -18. Suppose 0*t + 168 = -w*t - y, 284 = -5*t - 3*y. Let m = -38 - t. What are the prime factors of m?
17
List the prime factors of 6382*-2*1/(-4) - (-82 - -80).
31, 103
Let n be (18/15)/3*10. Let x(d) = -d**3 - 40*d**2 + 37*d - 160. Let v be x(-41). Suppose -n = v*j, -j - j = -3*b + 8. What are the prime factors of b?
2
Let o(v) = -53*v + 32. Let p be o(6). Let y be (-520)/p - 2/(-11). Suppose 2*k - 3*k + 109 = -4*b, y*b = -2*k + 178. List the prime factors of k.
3, 31
Let c(s) = -75*s + 63. Let o be c(14). What are the prime factors of ((-4)/4)/((9/o)/3)?
7, 47
Let h(p) = 3*p - 1. Let z(c) = 48*c + 44. Let v(t) = -12*h(t) + z(t). List the prime factors of v(16).
2, 31
Let c be 14/(-2) + (0 - -3)/3. Let u be (96/18)/(2/c). What are the prime factors of (-1 - 1)*280/u?
5, 7
Let b(q) = -q**3 - 23*q**2 - 23*q - 21. Let z be b(-22). Let u be (-3)/(0 - z)*2 - 3. Suppose -a + 7*p + 241 = 2*p, p + 765 = u*a. List the prime factors of a.
2
Let y(u) = -11*u - 108. Let c be y(-12). Let b(k) = 3*k - 3. Let h be b(3). Suppose c + h = 3*f. List the prime factors of f.
2, 5
Suppose 0 = -f - 1, -3*f - 55 = -q. Let y = 93 - q. Suppose -39*p = -y*p + 56. List the prime factors of p.
2, 7
Let s(a) = 32*a**3 - 7*a**2 - 24*a - 7. List the prime factors of s(8).
15737
Let k = 19113 + -12564. List the prime factors of k.
3, 37, 59
Let x be -3*(-7)/(-3)*-1. Let b be (1 - (-2)/(-4))*(-3 + x). Let g(v) = v**3 - 2*v**2 + v + 1. What are the prime factors of g(b)?
3
What are the prime factors of -13 + 0 - (-134100)/25?
5351
Let f = 26 + -12. Let v be (20/f)/(-5) - 256/(-14). Let a(p) = p**2 - 8*p - 28. What are the prime factors of a(v)?
2, 19
Let s be 0 + 1 - ((5 - -3) + -22). Suppose -2*p = -s*p + 7228. Suppose 6*i + 3*m - 278 = 4*i, 2*m = 4*i - p. What are the prime factors of i?
139
Let v = -2907 + 1593. What are the prime factors of (v/(-9))/((-2)/(-13))?
13, 73
Let r(g) = -g**3 + 78*g**2 - 138*g - 254. List the prime factors of r(61).
3, 5, 1213
Suppose 5*y - 4*v + 1 - 23 = 0, -3*y - 4*v + 26 = 0. What are the prime factors of y/(-9) - 1*654/(-9)?
2, 3
Let z(f) = -4*f**3 + 10*f**2 + 37*f + 12. Let p(i) = i**3 - 5*i**2 - i. Let s be p(5). List the prime factors of z(s).
577
Let v = -12 - -17. Let z(h) = h**3 + 4*h**2 + 6*h - 28. What are the prime factors of z(v)?
227
Suppose -2 - 100 = -6*d. Suppose -12 + d = q. Suppose q*w = 58 - 8. What are the prime factors of w?
2, 5
Suppose 4*r - 485 = -5*o, r + 298 + 90 = 4*o. Suppose -o = -a + 45. List the prime factors of a.
2, 71
Let w(f) = 440*f. List the prime factors of w(6).
2, 3, 5, 11
Let t be (-48)/21 + 2 + 30528/126. Suppose -5*n + t = -4*n. List the prime factors of n.
2, 11
Let p be 19/8 + (-228)/608. Suppose 21*i - 24*i + 3*k = -1935, 3*i - 1925 = -p*k. What are the prime factors of i?
643
Let z(p) = p**2 + 3*p - 1. Let u be z(-7). Suppose u*g = 25*g + 18. Suppose -291 - g = -3*k. List the prime factors of k.
2, 5
Suppose -367*o = -342*o + 3283 - 141958. List the prime factors of o.
3, 43
Suppose -4*j + 46 = -3*j + 3*p, 5*j - 180 = -5*p. Let q(y) = 0*y + 3*y + 14 + j. What are the prime factors of q(23)?
2, 3, 19
Let k = 10 - 9. Suppose -3*r = 2*i - k, -4*i + 2*r = 3*r - 17. Suppose -i - 7 = -h. List the prime factors of h.
2, 3
Suppose -6*m + 285 = -549. Suppose 0 = -2*s - 437 - m. List the prime factors of ((-1)/(-2))/((-12)/s).
2, 3
Suppose 0 = -w - 4*g + 19, 3*w + 5*g = w + 38. Let b(a) = -a**2 + 22*a + 27. Let r be b(w). Suppose -22 + r = o. What are the prime factors of o?
2, 31
Let d be ((-5)/(10/552))/((-48)/48). Let m = d + -34. List the prime factors of m.
2, 11
Let a(m) = 62*m + 110. Let t be a(29). List the prime factors of (63/42)/(2/t).
3, 53
Let r(p) = 142*p**2 + 1022*p - 4. What are the prime factors of r(-16)?
2, 4999
Let s be 2/(-9) + 32/(-18). Let k(i) = -186*i - 3 + 96*i - 9*i**3 - 3*i**2 + 86*i. List the prime factors of k(s).
5, 13
Let z be -1*(-3)/(6/8). Let l be z/(3*(-2)/36). List the prime factors of (-112)/l*36/14.
2, 3
Let k be (1 + -7)/(-3) - 4. Let v be (k - (-66)/3)*(-6)/(-15). Suppose v*f + 6*f - 714 = 0. List the prime factors of f.
3, 17
Let o = 390 + -387. Suppose -5 = -r, 2*c - o*r + 3363 = 6*c. What are the prime factors of c?
3, 31
Let n(p) = -p**3 - 14*p**2 - 7*p + 13. Suppose 2*r = -2*r, 4*d - 5*r = 12. Suppose -10*q - d*g = -5*q + 55, 2*q - g + 33 = 0. List the prime factors of n(q).
3, 37
Suppose v + 785 = 14*i - 18*i, -3*i + 2*v - 586 = 0. Let p = 335 + i. What are the prime factors of p?
139
Suppose 4*m - 35*m + 205251 = 0. List the prime factors of m.
3, 2207
Suppose 2*t = -4*q + 6830, -5*q + 1656 = t - 6889. Suppose 2*n = -q + 4322. What are the prime factor